0846 is divided by 83.
34
What is the remainder when 2980187 is divided by 1489829?
529
What is the remainder when 13395252 is divided by 3019?
2968
Calculate the remainder when 3138184 is divided by 3554.
2
Calculate the remainder when 3771605 is divided by 1378.
19
Calculate the remainder when 7627528 is divided by 91.
90
Calculate the remainder when 1526113 is divided by 1017.
613
What is the remainder when 775211121 is divided by 6967?
6965
What is the remainder when 7005723 is divided by 821?
130
What is the remainder when 111766 is divided by 18549?
472
Calculate the remainder when 9186110 is divided by 416.
414
Calculate the remainder when 7272 is divided by 2015.
1227
Calculate the remainder when 6817044 is divided by 1819.
1251
Calculate the remainder when 3922058 is divided by 784403.
43
Calculate the remainder when 14027712 is divided by 8420.
8412
Calculate the remainder when 5980317 is divided by 497.
413
What is the remainder when 4996609 is divided by 4763?
222
What is the remainder when 5561996 is divided by 3266?
3264
What is the remainder when 16119098 is divided by 3886?
3856
Calculate the remainder when 26300562 is divided by 7953.
7944
Calculate the remainder when 9189 is divided by 933.
792
What is the remainder when 72843376 is divided by 692?
688
What is the remainder when 1544151 is divided by 239?
211
Calculate the remainder when 776746 is divided by 85.
16
What is the remainder when 59422862 is divided by 59422861?
1
What is the remainder when 29453611 is divided by 3198?
31
Calculate the remainder when 211621 is divided by 105689.
243
What is the remainder when 133389 is divided by 66631?
127
What is the remainder when 15697214 is divided by 15697214?
0
What is the remainder when 1743442 is divided by 7786?
7164
What is the remainder when 9924 is divided by 812?
180
What is the remainder when 3925526 is divided by 338?
332
Calculate the remainder when 26660926 is divided by 34.
30
Calculate the remainder when 111205 is divided by 8973.
3529
What is the remainder when 718857 is divided by 16?
9
What is the remainder when 28940720 is divided by 116?
112
What is the remainder when 117742829 is divided by 30?
29
What is the remainder when 5974693 is divided by 5974685?
8
What is the remainder when 1975515 is divided by 116206?
13
Calculate the remainder when 4455374 is divided by 16.
14
Calculate the remainder when 36394 is divided by 2798.
20
Calculate the remainder when 119592 is divided by 119322.
270
Calculate the remainder when 157296 is divided by 4369.
12
What is the remainder when 7931137 is divided by 5436?
13
What is the remainder when 48258942 is divided by 530318?
4
Calculate the remainder when 24058784 is divided by 7002.
6914
Calculate the remainder when 759978 is divided by 253316.
30
What is the remainder when 71709 is divided by 592?
77
Calculate the remainder when 1236120 is divided by 4647.
18
Calculate the remainder when 44983206 is divided by 919.
913
What is the remainder when 936534 is divided by 423?
12
Calculate the remainder when 709620 is divided by 236330.
630
Calculate the remainder when 4428652 is divided by 440.
52
Calculate the remainder when 817969 is divided by 30.
19
Calculate the remainder when 243942 is divided by 53.
36
What is the remainder when 3893782 is divided by 8?
6
What is the remainder when 2486563 is divided by 8694?
79
Calculate the remainder when 107457 is divided by 512.
449
What is the remainder when 36942 is divided by 8947?
1154
Calculate the remainder when 59463 is divided by 5946.
3
Calculate the remainder when 40982048 is divided by 475.
473
Calculate the remainder when 120621 is divided by 107.
32
What is the remainder when 36227766 is divided by 52?
42
Calculate the remainder when 473274 is divided by 118144.
698
What is the remainder when 122120351 is divided by 27?
26
Calculate the remainder when 2672344 is divided by 21.
10
What is the remainder when 47728103 is divided by 21?
17
What is the remainder when 457699 is divided by 50?
49
What is the remainder when 3846959 is divided by 769380?
59
What is the remainder when 739050 is divided by 71?
11
What is the remainder when 698280549 is divided by 3431?
3429
Calculate the remainder when 282060 is divided by 1973.
1894
What is the remainder when 769284273 is divided by 7482?
7479
Calculate the remainder when 60057 is divided by 59892.
165
What is the remainder when 25066044 is divided by 482039?
16
Calculate the remainder when 189035 is divided by 647.
111
What is the remainder when 60253449 is divided by 252?
249
What is the remainder when 18951750 is divided by 370?
350
Calculate the remainder when 168893 is divided by 9914.
355
What is the remainder when 145439 is divided by 13209?
140
What is the remainder when 2819806 is divided by 43?
38
Calculate the remainder when 192167692 is divided by 877478.
10
Calculate the remainder when 79829 is divided by 38701.
2427
Calculate the remainder when 6867 is divided by 6801.
66
Calculate the remainder when 225091 is divided by 607.
501
Calculate the remainder when 1041457399 is divided by 34.
33
What is the remainder when 13569142 is divided by 5185?
5182
Calculate the remainder when 6434 is divided by 2615.
1204
What is the remainder when 164322 is divided by 32839?
127
What is the remainder when 2822009 is divided by 4891?
4793
What is the remainder when 250327 is divided by 377?
376
Calculate the remainder when 1650693 is divided by 86.
9
Calculate the remainder when 28728277 is divided by 145.
7
What is the remainder when 32480829 is divided by 4293?
4284
What is the remainder when 5285634 is divided by 29862?
60
Calculate the remainder when 706745 is divided by 2302.
31
What is the remainder when 11491659 is divided by 55?
14
What is the remainder when 2857 is divided by 2781?
76
Calculate the remainder when 34057 is divided by 3688.
865
Calculate the remainder when 44162169 is divided by 108.
105
Calculate the remainder when 32596 is divided by 26433.
6163
What is the remainder when 63617383 is divided by 53?
52
What is the remainder when 14248260 is divided by 122?
2
Calculate the remainder when 29790071 is divided by 1063931.
3
Calculate the remainder when 1773343 is divided by 10249.
266
What is the remainder when 16926563 is divided by 133280?
3
What is the remainder when 5456 is divided by 538?
76
What is the remainder when 330094728 is divided by 29?
24
What is the remainder when 1655282 is divided by 3291?
3200
What is the remainder when 48684505 is divided by 696?
1
Calculate the remainder when 82127 is divided by 3281.
102
What is the remainder when 1133460 is divided by 98?
90
What is the remainder when 676653 is divided by 137?
10
What is the remainder when 1496541 is divided by 1079?
1047
What is the remainder when 40610994 is divided by 79?
17
Calculate the remainder when 71564385 is divided by 17891088.
33
Calculate the remainder when 437977 is divided by 73.
50
Calculate the remainder when 1911980 is divided by 273035.
735
Calculate the remainder when 1344938 is divided by 762.
8
What is the remainder when 6258113 is divided by 1043017?
11
What is the remainder when 696391 is divided by 519?
412
What is the remainder when 6046445 is divided by 2132?
93
Calculate the remainder when 71310 is divided by 3378.
372
Calculate the remainder when 30610783 is divided by 163694.
5
What is the remainder when 1763214 is divided by 293867?
12
What is the remainder when 64853 is divided by 64777?
76
What is the remainder when 1064706 is divided by 475?
231
What is the remainder when 99412 is divided by 1025?
1012
What is the remainder when 493499 is divided by 152?
107
Calculate the remainder when 2350615 is divided by 110.
25
Calculate the remainder when 44673 is divided by 10485.
2733
What is the remainder when 263368339 is divided by 87789439?
22
Calculate the remainder when 40325 is divided by 815.
390
What is the remainder when 4252035 is divided by 1152?
3
Calculate the remainder when 69855 is divided by 32251.
5353
What is the remainder when 513629 is divided by 8?
5
Calculate the remainder when 6553086 is divided by 204.
198
What is the remainder when 496046 is divided by 496044?
2
What is the remainder when 41679711 is divided by 8?
7
What is the